e greatest common divisor of 162 and o.
6
Let f(v) = -17*v + 100. Let c be f(-5). Calculate the greatest common divisor of c and 5.
5
Let v = -43 + 49. Suppose -v*s + 14*s = 1224. Let y be 2 - -5*(0 - -3). What is the highest common divisor of s and y?
17
Suppose 0 = 4*w - 15 - 5. Let s be ((-4)/w)/(6/(-15)). What is the greatest common divisor of 1 and s?
1
Suppose k - 3*b - 9 = -b, -5*k = -4*b - 39. Suppose 0*j + k*j - 2240 = 0. What is the greatest common factor of 40 and j?
40
Let p be 33*(3/9)/1. Let k(v) = v**3 - 11*v**2 + 2*v + 14. Let o be k(p). Let n be (-35)/(-3) - 3/(-9). Calculate the highest common factor of n and o.
12
Let t be (-6*2/(-12))/(2/88). Calculate the greatest common factor of t and 418.
22
Let l(f) = -f**3 + 6*f**2 + 2*f + 5. Let y be l(5). Let m be 6/4 + (-1926)/(-12). Suppose 5*r = m + 338. What is the greatest common divisor of y and r?
20
Let v be (-26)/(-6) - 1 - 6/(-9). Suppose 0 = 5*m - 22 + 2. Suppose -v = m*c - 28. What is the highest common divisor of 12 and c?
6
Let g(y) = y**2 + 7*y + 6. Let x = -12 + 4. Let r be g(x). Let j = 74 + -53. What is the greatest common divisor of j and r?
7
Let c = -142 + 158. Calculate the greatest common divisor of c and 400.
16
Let v(y) = -6*y - 1. Let l be v(-2). Let s = 12 - 10. Suppose -t - s*a = 4*t - 167, -3*a = 4*t - 135. Calculate the highest common factor of t and l.
11
Let o be (6/9)/((-2)/(-6)). Suppose o*t - t + 3*i - 253 = 0, -4*t = -2*i - 942. What is the greatest common factor of t and 17?
17
Suppose -3*a = 0, -2*i - i - 5*a = -420. Let u be 0 - -59 - (-15)/5. Let s = u + -42. What is the highest common divisor of i and s?
20
Let t be (-1)/(-7) + 830/70. Calculate the greatest common divisor of 296 and t.
4
Let x be ((-10)/3)/((-6)/(-9)). Let p be -4*(4 + x) - -2. What is the highest common factor of p and 102?
6
Let n be (225/4)/((45/(-24))/(-5)). Suppose 178 - n = 4*g. What is the greatest common divisor of 1 and g?
1
Let d(j) = 146*j - 54. Let y be d(5). What is the greatest common divisor of 52 and y?
52
Suppose 0*m - 4 = -2*m. Suppose -z - 4*a + 16 = m*z, a = 2*z + 4. Suppose -p + t = -11 - 2, z = 3*p + 5*t - 63. What is the highest common factor of p and 80?
16
Let r be ((-24)/32)/((-1)/600). Calculate the greatest common divisor of r and 2.
2
Suppose 2*y - 6*y = -56. Suppose l = k - 0*k - y, -3*k + 42 = 4*l. Calculate the highest common factor of 2 and k.
2
Suppose -u + 3*a = 3*u - 14, -5*u + 4*a = -18. Let s be u/3 + (-952)/(-12). Calculate the greatest common divisor of s and 20.
20
Suppose 291 = -11*d + 511. Let s be (-4)/(-14) + 2090/35. What is the highest common factor of s and d?
20
Suppose 5*m - 1547 = -3*y, 0 = 4*m + y + 4*y - 1235. What is the highest common factor of m and 10?
10
Let u = 90 + -48. Calculate the highest common factor of 672 and u.
42
Let z be 4*1*(20 - (3 - 6)). Let x = z - 56. Calculate the greatest common factor of x and 4.
4
Suppose -2*k + 264 = i - 204, -i = 4*k - 940. Let c = k - 36. Suppose 41 = -3*q + 116. Calculate the highest common divisor of c and q.
25
Suppose 2*b - 234 = 4*u, -146 - 91 = -2*b + 5*u. Suppose b = -6*m + 315. Calculate the highest common divisor of 272 and m.
34
Suppose -3*k + 9 = 0, -3*p + 123 = -2*k - 3*k. Suppose -2*i - 3*q + 49 + p = 0, 221 = 5*i + 2*q. What is the highest common factor of i and 172?
43
Let w be (10/6)/((-125)/(-150)). Let n be 1*-2*(-2 + -7). Calculate the greatest common divisor of n and w.
2
Let q(d) = d**3 - 11*d**2 - d - 28. Let u be q(14). Calculate the greatest common divisor of u and 42.
42
Suppose -3*v + 86 = 4*w, -3*v = 9*w - 11*w - 56. Suppose -8*j + 12*j = 8. Calculate the highest common divisor of v and j.
2
Suppose 11*o - 6168 = 9353. What is the highest common factor of o and 83?
83
Let r(y) = 69*y - 49. Let k be r(5). Calculate the highest common factor of 16 and k.
8
Suppose 0 = -135*t + 143*t - 4864. What is the highest common divisor of t and 8?
8
Let v(s) = -s**3 + 13*s**2 - 11*s - 9. Let f be v(12). Suppose 8 = -l + f*l. Let u be ((-3)/(-6))/(l/104). Calculate the greatest common factor of 13 and u.
13
Let x = -5 + 35. Let o be 20*((-9)/(-8))/(69/92). Calculate the highest common divisor of o and x.
30
Let r be 12*-3*1/(-4). Let n = r + -3. Calculate the highest common factor of 24 and n.
6
Let c(a) = 2*a**2 + 39*a - 14. Let y be c(-20). Let z be 1/((-1 + -1)/2). Let s be (z + 0)*y/(-2). What is the highest common divisor of s and 21?
3
Let q be (16 - 2) + 3 + -2. Let b = q + -13. What is the highest common divisor of 5 and b?
1
Let z = -226 + 322. Calculate the greatest common factor of 1296 and z.
48
Let h = 44 - 26. Suppose -6*a + 78 + h = 0. What is the highest common factor of 128 and a?
16
Let a = 26 + -19. Suppose 5*b - b = -p + a, -5*b + 51 = -2*p. Let h be 1/(1 - (-12)/p). Calculate the greatest common divisor of 26 and h.
13
Let d = -25 - -35. Let g(n) = -n**2 + 10*n. Let x be g(10). Suppose c + 2*c - 9 = x, -99 = -v - 3*c. Calculate the greatest common factor of d and v.
10
Suppose -30 = -m - 3*r, 3*r + 4 + 5 = 0. Suppose 5*i + 2 = -3*c + m, -5*i + 21 = -c. Let n be c/2 - (0 - 14). What is the greatest common divisor of n and 112?
16
Let o(b) = -7*b - 5. Suppose -2*s - 3 = -11. Let n be (s/10)/((-14)/70). Let h be o(n). Calculate the greatest common factor of h and 3.
3
Suppose 5*j - 14 = 3*z + 11, 19 = -3*j - 5*z. Suppose 0*r + d - 39 = -4*r, -j*r + 5*d = -25. Suppose -c = -1 - 4. What is the greatest common factor of r and c?
5
Let m(n) = -n**3 - 18*n**2 - 21*n - 5. Let f be m(-17). Let k = 75 - f. Let b(i) = 4*i - 4. Let h be b(4). What is the highest common divisor of h and k?
12
Let a = 11 + -5. Suppose -o - a = o. Let d = 2 - o. What is the greatest common divisor of d and 5?
5
Let l(r) = 199*r - 59. Let m be l(5). Calculate the highest common divisor of m and 208.
104
Suppose 0 = -6*x + 2*x + 16. Suppose 3*a - 148 = 4*s + 54, -x*s + 288 = 4*a. Calculate the highest common divisor of a and 175.
35
Let w(a) = a**3 + 2*a**2 - 5*a - 2. Let d be w(-3). Suppose -2*u - 32 = -q, 2*q + q + u - 96 = 0. What is the greatest common divisor of q and d?
4
Suppose 221 = 20*i - 259. Let n(h) = h - 8. Let m be n(6). Let y be 1*(118 + 0 - m). What is the greatest common divisor of i and y?
24
Suppose 65 = 9*t - 4*t. Suppose -t = -2*y - 5. Suppose 0 = -2*o + 2*n + 38, -5*n + 17 = y*o - 2*o. What is the highest common factor of 8 and o?
8
Let o be (54/8 - 2)*(-504)/(-126). Let u(d) = 4*d**2 - 7*d - 2. Let q be (10/4)/(1/(-2)). Let x be u(q). What is the highest common divisor of o and x?
19
Let c(k) = -k**2 - 26*k + 45. Let u be c(-26). What is the highest common divisor of u and 360?
45
Suppose 3*b = -2*b - 120. Let q be b/(-7)*56/16. Let a be q/(-8)*196/(-6). Calculate the highest common factor of a and 7.
7
Let y = -2178 - -2295. What is the highest common factor of y and 195?
39
Let j(g) = -g - 32. Let m be j(-12). Let l be 26 - (-5)/(m/(-12)). What is the highest common divisor of l and 58?
29
Let o be ((-372)/(-10))/(((-45)/50)/(-3)). Let r = -68 + o. What is the highest common factor of 140 and r?
28
Let o(q) = -2*q - 4. Let v be o(-6). Suppose 0 = -4*d + 2*d + v. Let n be (-18)/(-6)*(d - 1). Calculate the highest common factor of n and 63.
9
Suppose -11*j + 3*j = -40. Suppose j*v + 72 = 6*v. What is the greatest common factor of v and 24?
24
Let g(c) = -c**3 - c**2 - c + 2. Let b = 1 - 4. Let q be g(b). Let p = 397 - 282. Calculate the highest common factor of q and p.
23
Let v = 0 - 12. Let s be (14/5)/(1/(-10)). Let y = v - s. Calculate the highest common factor of y and 48.
16
Suppose -3560*w + 3058 = -3559*w. Calculate the highest common factor of w and 44.
22
Suppose 2*a = -34*a + 3060. Calculate the greatest common factor of a and 34.
17
Let h be 2 - 2 - (-3 + -2). Suppose 2*y - 5*p - 61 = 0, -163 = -h*y - 2*p + 62. What is the greatest common divisor of y and 344?
43
Suppose 4*n = 5*f - 236 - 0, -3*n + 3 = 0. Let g be -7 - (10 - (-7 - -30)). Calculate the highest common factor of g and f.
6
Let h(x) = 2*x - 7. Let u be h(-3). Let q = u - -21. Let f be 180/8*q/10. What is the greatest common divisor of 90 and f?
18
Suppose 4*x = -c + 149, 35 = 5*x - 4*x - 2*c. Calculate the greatest common divisor of 148 and x.
37
Let h be (-2)/(-3) - (-230)/6